at is 5 (base 10) in base 11?
5
-11 (base 11) to base 5
-22
-28 (base 10) to base 9
-31
What is -2002 (base 4) in base 9?
-154
What is -104 (base 6) in base 13?
-31
-1110 (base 3) to base 10
-39
Convert -3 (base 13) to base 11.
-3
What is -4 (base 12) in base 16?
-4
Convert 22 (base 3) to base 11.
8
Convert -1c (base 16) to base 15.
-1d
What is -10000 (base 3) in base 11?
-74
What is -6c (base 16) in base 11?
-99
Convert 11310 (base 4) to base 10.
372
2213 (base 4) to base 10
167
What is a (base 16) in base 10?
10
Convert -8 (base 10) to base 4.
-20
-1110 (base 3) to base 4
-213
What is 0 (base 9) in base 2?
0
-16 (base 12) to base 4
-102
What is -9 (base 12) in base 14?
-9
10 (base 2) to base 10
2
22 (base 7) to base 4
100
What is -230 (base 5) in base 4?
-1001
13 (base 9) to base 10
12
What is -240 (base 5) in base 9?
-77
What is 15 (base 7) in base 11?
11
What is 3 (base 5) in base 15?
3
Convert -1 (base 15) to base 2.
-1
Convert 31 (base 4) to base 10.
13
Convert -1 (base 16) to base 13.
-1
-2 (base 8) to base 13
-2
Convert -6 (base 8) to base 4.
-12
What is 6 (base 10) in base 8?
6
What is -5 (base 15) in base 14?
-5
Convert -3 (base 6) to base 5.
-3
What is -a8 (base 16) in base 7?
-330
What is -10010 (base 2) in base 11?
-17
Convert 1 (base 8) to base 5.
1
What is 111 (base 3) in base 15?
d
4 (base 14) to base 15
4
Convert -101011101 (base 2) to base 9.
-427
What is 4 (base 5) in base 13?
4
-a (base 12) to base 13
-a
What is -1d (base 14) in base 13?
-21
110 (base 2) to base 15
6
What is 42 (base 10) in base 9?
46
3 (base 15) to base 14
3
Convert 10 (base 3) to base 16.
3
What is 19 (base 10) in base 7?
25
What is -3 (base 15) in base 16?
-3
What is 1c (base 13) in base 14?
1b
-1 (base 11) to base 9
-1
5 (base 13) to base 9
5
Convert -273 (base 10) to base 6.
-1133
-16 (base 8) to base 16
-e
-17 (base 12) to base 8
-23
What is -8 (base 11) in base 16?
-8
What is -a (base 11) in base 14?
-a
Convert 13 (base 13) to base 4.
100
What is 374 (base 9) in base 16?
136
What is 12 (base 5) in base 12?
7
What is 1010 (base 2) in base 8?
12
Convert 4 (base 16) to base 5.
4
Convert 73 (base 8) to base 7.
113
Convert -52 (base 8) to base 10.
-42
What is 1 (base 16) in base 10?
1
Convert 0 (base 4) to base 3.
0
What is -a (base 15) in base 2?
-1010
What is 7 (base 10) in base 9?
7
Convert f (base 16) to base 10.
15
-1 (base 10) to base 12
-1
Convert 11220 (base 3) to base 16.
84
What is -21 (base 7) in base 13?
-12
-1 (base 16) to base 8
-1
-11 (base 8) to base 5
-14
Convert 1 (base 6) to base 14.
1
Convert 111 (base 6) to base 11.
3a
What is 1 (base 14) in base 15?
1
What is -136 (base 9) in base 4?
-1302
38 (base 11) to base 5
131
Convert -120 (base 3) to base 15.
-10
-5 (base 14) to base 7
-5
Convert -4 (base 9) to base 14.
-4
Convert -10 (base 7) to base 8.
-7
Convert 1b (base 15) to base 16.
1a
What is 2 (base 4) in base 10?
2
-3 (base 12) to base 5
-3
Convert 12 (base 3) to base 4.
11
Convert 46 (base 9) to base 5.
132
What is -12 (base 7) in base 5?
-14
What is -78 (base 11) in base 2?
-1010101
Convert -4 (base 14) to base 7.
-4
34 (base 11) to base 2
100101
10 (base 2) to base 5
2
Convert -a0 (base 14) to base 5.
-1030
110 (base 9) to base 6
230
Convert 55 (base 12) to base 2.
1000001
Convert -111 (base 4) to base 14.
-17
What is 444 (base 5) in base 8?
174
What is -95 (base 11) in base 15?
-6e
2 (base 10) to base 8
2
Convert 81 (base 14) to base 5.
423
-4 (base 15) to base 2
-100
Convert 11 (base 6) to base 2.
111
111 (base 2) to base 12
7
37 (base 11) to base 9
44
Convert 0 (base 2) to base 10.
0
Convert 121 (base 3) to base 15.
11
What is 1 (base 13) in base 2?
1
Convert 13 (base 12) to base 5.
30
1 (base 5) to base 6
1
Convert 1203 (base 4) to base 10.
99
What is 20 (base 9) in base 15?
13
Convert 19 (base 12) to base 2.
10101
What is 19 (base 15) in base 16?
18
2 (base 8) to base 13
2
What is -10100100 (base 2) in base 13?
-c8
152 (base 7) to base 3
10012
What is 12 (base 3) in base 4?
11
Convert -a (base 13) to base 3.
-101
-3 (base 5) to base 15
-3
-1011 (base 2) to base 8
-13
-5 (base 7) to base 6
-5
-6 (base 9) to base 5
-11
Convert 15 (base 9) to base 11.
13
87 (base 10) to base 9
106
6 (base 10) to base 11
6
-56 (base 11) to base 7
-115
Convert 167 (base 8) to base 12.
9b
What is -68 (base 13) in base 14?
-62
3 (base 14) to base 3
10
What is -3 (base 15) in base 5?
-3
18 (base 16) to base 3
220
-53 (base 7) to base 4
-212
What is -2 (base 16) in base 7?
-2
What is -11 (base 5) in base 14?
-6
Convert 73 (base 12) to base 5.
322
What is -1 (base 7) in base 12?
-1
Convert 10 (base 12) to base 8.
14
What is 22 (base 9) in base 3?
202
0 (base 11) to base 8
0
Convert 0 (base 10) to base 5.
0
1205 (base 6) to base 12
205
Convert 5 (base 12) to base 6.
5
Convert 120 (base 3) to base 12.
13
Convert -22 (base 3) to base 6.
-12
-2 (base 13) to base 8
-2
165 (base 9) to base 15
95
Convert -43 (base 15) to base 5.
-223
-1 (base 3) to base 11
-1
Convert 68 (base 10) to base 14.
4c
Convert -1002 (base 3) to base 6.
-45
Convert -101 (base 3) to base 5.
-20
What is 70 (base 9) in base 10?
63
Convert -10 (base 16) to base 12.
-14
What is -1 (base 4) in base 11?
-1
-2 (base 5) to base 8
-2
What is -183 (base 12) in base 6?
-1043
Convert 1032 (base 5) to base 15.
97
23 (base 13) to base 15
1e
Convert -14 (base 12) to base 16.
-10
Convert 14 (base 7) to base 6.
15
-80 (base 15) to base 11
-aa
Convert -10010 (base 2) to base 5.
-33
-334 (base 6) to base 7
-244
What is -18 (base 10) in base 3?
-200
What is -9 (base 16) in base 6?
-13
What is -15 (base 7) in base 13?
-c
What is -10 (base 7) in base 2?
-111
-10 (base 6) to base 15
-6
1 (base 14) to base 9
1
What is 44 (base 9) in base 4?
220
-2240 (base 5) to base 3
-102212
-124 (base 6) to base 4
-310
23 (base 7) to base 8
21
What is -126 (base 7) in base 14?
-4d
What is -13 (base 5) in base 16?
-8
What is 5 (base 11) in base 5?
10
What is 3d (base 16) in base 11?
56
What is 13 (base 4) in base 2?
111
Convert -6 (base 8) to base 7.
-6
What is -11 (base 6) in base 3?
-21
Convert -111 (base 6) to base 13.
-34
121 (base 5) to base 11
33
What is 12122 (base 3) in base 15?
a2
-21 (base 5) to base 3
-102
What is 110 (base 3) in base 6?
20
b (base 13) to base 8
13
What is -1 (base 6) in base 10?
-1
What is -111011 (base 2) in base 5?
-214
What is -11 (base 2) in base 5?
-3
-1 (base 9) to base 10
-1
What is 11 (base 11) in base 9?
13
What is -33 (base 10) in base 7?
-45
What is 79 (base 15) in base 13?
8a
What is 17 (base 8) in base 16?
f
What is -2 (base 3) in base 2?
-10
3 (base 13) to base 11
3
Convert 3 (base 8) to base 15.
3
What is -13 (base 5) in base 13?
-8
What is 226 (base 10) in base 16?
e2
What is 32 (base 11) in base 4?
203
Convert -93 (base 16) to base 2.
-10010011
What is -22 (base 7) in base 5?
-31
-35 (base 12) to base 14
-2d
Convert -2 (base 14) to base 13.
-2
Convert -16e (base 16) to base 11.
-303
41 (base 6) to base 8
31
Convert 3 (base 14) to base 9.
3
What is -10 (base 3) in base 16?
-3
Convert -4 (base 6) to base 14.
-4
What is 17 (base 11) in base 5?
33
Convert 48 (base 10) to base 7.
66
Convert -16 (base 11) to base 13.
-14
What is -30 (base 11) in base 6?
-53
3 (base 8) to base 16
3
Convert db (base 14) to base 13.
11b
What is ab (base 14) in base 15?
a1
What is 147 (base 10) in base 3?
12110
What is 50 (base 10) in base 7?
101
7 (base 12) to base 6
11
Convert 2 (base 5) to base 8.
2
What is -18e (base 15) in base 14?
-1b9
-3 (base 16) to base 4
-3
Convert -4f (base 16) to base 2.
-1001111
What is 31 (base 4) in base 9?
14
What is 3 (base 11) in base 16?
3
Convert 291 (base 10) to base 9.
353
What is 2 (base 13) in base 9?
2
What is -3 (base 8) in base 5?
-3
What is -1 (base 14) in base 10?
-1
What is 1 (base 10) in base 16?
1
-142 (base 6) to base 12
-52
30 (base 5) to base 3
120
Convert -2a (base 11) to base 15.
-22
3 (base 11) to base 3
10
-3 (base 15) to base 12
-3
Convert 3 (base 13) to base 7.
3
-46 (base 8) to base 4
-212
-73 (base 12) to base 6
-223
-1 (base 3) to base 9
-1
What is 11 (base 4) in base 2?
101
What is 103 (base 8) in base 6?
151
Convert -52 (base 9) to base 3.
-1202
Convert 2 (base 12) to base 14.
2
Convert 2 (base 6) to base 9.
2
-5 (base 12) to base 15
-5
C